
Let i(x) = -49*x + 1. Let a be i(-1). Suppose -9*q = -4*q - a. What is the tens digit of q/45 - 4/(-18)*53?
1
Let r be 28/(-21)*1179/(-6). Suppose 2*j - r - 278 = 0. What is the hundreds digit of j?
2
Let t be 5434/132 + (-5)/(-6). Suppose -59062 - 1922 = -t*a. What is the hundreds digit of a?
4
Suppose 3 = a + p, -a + 5*p + 0*p - 21 = 0. What is the units digit of (a - (-999)/6)/((-2)/(-4))?
1
Suppose 0 = 3*i - 2*i. Suppose 0 = k + 2 - 7, i = -d - 3*k + 17. Suppose 0 = -5*j + 3*w + 345, -d*j - 2*w = 3*w - 138. What is the tens digit of j?
6
Let w(n) = -28*n**2 - n + 5. Let d be w(-3). Let l = 286 + d. What is the tens digit of l?
4
Let j(t) = 2*t**2 - 40*t - 60. What is the hundreds digit of j(-37)?
1
Let w(r) = -892*r - 6259. What is the hundreds digit of w(-27)?
8
What is the units digit of (3 + (-429370)/30)/(6/(-9))?
4
Suppose 8*h - 14088 - 10168 = 0. Suppose 889*a - h = 887*a. What is the hundreds digit of a?
5
Let j(k) = -k**3 - 6*k**2 - 5*k + 6. Let n be j(-5). What is the tens digit of (-1794)/(-4) + n/4?
5
Let r = 49397 - 26652. What is the thousands digit of r?
2
Suppose 4*f - 2*f - 9703 = -3*v, 0 = -5*v - 15. Suppose -3*m + 2432 = 2*i, 4*i - f = -m - 3*m. What is the tens digit of i?
1
What is the thousands digit of (-9176)/(-37)*(-280)/(-5)?
3
Let i(c) = 2*c**2 - 7*c + 10. Let p be i(6). Suppose -5*g = k + p, 2*g - 3*k + 42 = -g. Let x = 165 + g. What is the hundreds digit of x?
1
Suppose -y + 5499 + 19866 = -0*y. What is the ten thousands digit of y?
2
Suppose 3*b + 3*s - 24 = 0, -s + 3*s - 6 = -b. Suppose -224 = -2*k - 5*a, 3*k - 8*a = -b*a + 325. What is the units digit of k?
7
Let s(r) be the first derivative of -8*r - 1 + 14*r + r**2 - 3*r + 4. What is the tens digit of s(11)?
2
Let s(w) = 12*w**2 + 15*w + 26. Let b be s(-2). Suppose -11*z + b*z - 31977 = 0. What is the units digit of z?
9
Suppose -8*x = -1834 - 1422. What is the hundreds digit of x?
4
Suppose -37*n - 130 = -50*n. Suppose -3*w = 2 + n, -5*w + 1115 = u. What is the hundreds digit of u?
1
Let l = -40 - -96. Let o be l/(-2)*(-2 - (-6)/4). Suppose -j + 33 + o = 0. What is the units digit of j?
7
Let u = 6055 - 402. What is the tens digit of u?
5
Let d(c) = 21*c - 13. Let z(v) = -2*v - 24. Let l be z(-15). What is the units digit of d(l)?
3
Let b = 4374 - 2773. What is the tens digit of b?
0
Suppose -4*z = -y - 43, 33*z - 32*z - 2 = 2*y. What is the hundreds digit of 1523/(-6)*-1 + 2/z?
2
Let f = -108424 + 185279. What is the thousands digit of f?
6
What is the tens digit of 8268064/7840*(0 + 0 + 9 + 1)?
4
Let p = 45 + -41. Suppose 0*o = -p*o + 8. Suppose -o*q + q - 3*g + 28 = 0, 56 = 3*q - 5*g. What is the tens digit of q?
2
Suppose 0*c + c - 5599 = x, 4*c - 22430 = -13*x. What is the thousands digit of c?
5
Suppose 34*a - 208843 - 688577 = -26*a. What is the tens digit of a?
5
Let i be ((-57)/4)/(177/(-84) + 2). Suppose -116*j - 7174 = -i*j. What is the units digit of j?
2
Let m(o) = 2*o**2 - 34*o + 4. Let u be m(17). Suppose 0 = 2*d - u*z - 1024, 4*d - 4*z - 2054 = -2*z. What is the tens digit of d?
1
Let h(r) = 2*r**2 - 5*r + 12. Let t be h(11). Let k = t + -118. What is the units digit of k?
1
Suppose -12358 = -41*n + 39*n. What is the units digit of n?
9
Suppose 3*a = -21*a - 48. What is the hundreds digit of a/3 - 169/39 - -767?
7
Let p(m) = -m**2 - 8*m - 78. Let a be p(0). Let n = a - -134. What is the units digit of n?
6
Suppose 5*f + 524526 = 11*x - 124264, 18 = 2*f. What is the thousands digit of x?
8
Let h = 12052 + -7858. What is the units digit of h?
4
Suppose 9*h - 8 = -n + 11*h, -3*n - 2*h = 16. What is the hundreds digit of (-8)/n*69*60/16?
0
Let h(u) = 2*u**2 + 5*u + 9. Let z be h(7). Suppose d + d = z. Let i = 152 - d. What is the units digit of i?
1
Let j = 180 + -317. Let z = j + 181. What is the units digit of z?
4
Suppose -2604 = -5*i - 4*x + 1207, -3*i + 2*x + 2291 = 0. Let y = i + 571. What is the thousands digit of y?
1
Suppose 2*q = 4*o + 20954, 4*q + 2*o - 61152 = -19204. What is the units digit of q?
5
Let m = -26174 - -40309. What is the hundreds digit of m?
1
Let i(d) = d**2 + 5*d + 68. Suppose -18*w + 90 = -9*w. What is the tens digit of i(w)?
1
Let w(g) = 60*g**2 - 8*g - 16. Let f be w(-3). Let l = -473 + f. What is the tens digit of l?
7
Suppose 3*f + 8 = 59. Let k(h) = 8*h**3 - 24*h**2 - 9*h + 40. Let n(c) = -c**3 + c**2 + c. Let x(q) = k(q) + 7*n(q). What is the units digit of x(f)?
6
Let f be (-2660)/(-6) + (-24)/72 + -3. Suppose -4*n = -4*h - 1684, -3*h - f = -4*n + 1242. What is the tens digit of n?
1
Let r(m) = -m**3 - 16*m**2 + 16*m + 13. Let d = -708 + 689. What is the tens digit of r(d)?
9
Let a be (-52)/(-4) - (-17 + 4). Suppose 5 = -2*z + 1. What is the units digit of (-17)/6*z*(a - 17)?
1
Let n(u) be the first derivative of u**5/60 - 5*u**4/24 + 37*u**3/6 + 6*u**2 + 42. Let m(c) be the second derivative of n(c). What is the tens digit of m(-11)?
1
Let b = -46 - -71. Let n = b - 13. Suppose 5*v = -7 + n. What is the units digit of v?
1
Let d = -14242 + 73750. What is the ten thousands digit of d?
5
Let o be (-729)/21 + 2/(-7). Let j = o + 93. Suppose -2*l + j = 10. What is the units digit of l?
4
Let a be 2*((21/6)/(-7) - 1). Let q(s) = 12*s**2 - 2*s + 2. Let r(c) = -23*c**2 + 3*c - 4. Let v(n) = a*r(n) - 5*q(n). What is the units digit of v(4)?
0
Let p = 16 - -27. Suppose 0 = 2*j - 4*y - 78, 0 = -j - y + 4*y + p. Let q = j - -123. What is the hundreds digit of q?
1
What is the thousands digit of -10 + (-5)/((-45)/56889)?
6
Let u(i) = i**3 - 7*i**2 + 12*i + 16. Let l(a) = -a**3 + 6*a**2 - 12*a - 18. Let b(z) = -3*l(z) - 4*u(z). What is the tens digit of b(8)?
2
Suppose 0 = -7*v + 4*v. Let t be (-1 + 4)*(4 - (7 - 4)). Suppose v = 8*o - 4*o + 4*p + 4, o = -t*p - 7. What is the units digit of o?
2
Suppose -k = 4*b - 253, -4*k + 0*b + 4*b = -1052. Suppose -3*n + k + 57 = 0. Let c = n - 52. What is the units digit of c?
4
Suppose -z + 12297 = 2*c, 0*c - c + 6159 = 2*z. What is the thousands digit of c?
6
Suppose -8*l = -5*l + 15*l - 32454. What is the hundreds digit of l?
8
Suppose -8*j + 131991 = -5*j - 5*a, -2*j + 87994 = 3*a. What is the hundreds digit of j?
9
Suppose -6956552 = -230*z - 2079285 + 11803023. What is the tens digit of z?
2
Let o(k) = -2*k**2 - 178*k - 1226. Let p be o(-7). Let h(g) = -g**3 - 4*g**2 - 4*g + 11. Let m be h(-8). Let s = p + m. What is the hundreds digit of s?
2
Let d(l) = -l**3 + 30*l**2 + 2*l - 51. Let r be d(30). What is the hundreds digit of 2/r - (-3128)/18?
1
Let s be (-2 - -8 - 16)/((-2)/8). Let x be (-12552)/s + (-2)/10. What is the units digit of (-33)/(-22) + x/(-8)*2?
0
Let j = -4 + 4. Suppose -30 = -2*z - j*z. Suppose -x + z = -29. What is the tens digit of x?
4
Let w(d) = -4*d**2 + 3*d + 4. Let p be w(0). What is the units digit of (p + (-1684)/8 + 2)*-2?
9
Let c = 90 + -312. Let w(b) = b**3 - 21*b**2 + 72*b + 50. Let g be w(12). Let m = c - g. What is the hundreds digit of m?
1
Suppose 3*x = 4*j - 30020 - 18860, -48880 = -4*j + x. What is the ten thousands digit of j?
1
Let x(g) = 2*g**2 - g - 8. Let n be x(-2). Suppose -j + 0*q = -q + 1, 0 = 5*j + n*q - 16. Suppose -2*m = 5*v, -4*v - 18 = -m - j*v. What is the tens digit of m?
1
Suppose -20*d = -39*d - 2371 + 77497. What is the tens digit of d?
5
Let o be (-3*((-781)/3)/1)/1. Let b = 1136 - o. What is the tens digit of b?
5
Let f(o) be the first derivative of -o**4/4 + 13*o**3/3 - 2*o**2 - 30*o - 69. What is the tens digit of f(9)?
5
What is the units digit of (-2215)/(5*10/(-540))?
2
What is the thousands digit of 4/12*3 - 92650/(-15 - -10)?
8
Let n = -328 + 176. Let j = 77 - n. Let b = j - 14. What is the tens digit of b?
1
Let h be (665/15 + -2)/(2/48). Suppose 178 = 6*f - h. What is the units digit of f?
9
Let j = -118 + 124. Suppose 5 = -w, -10*t + j*t + 4*w = -2676. What is the hundreds digit of t?
6
Let r = -38 + 43. Let k be -2 + (-88)/20 + (-3)/r. Let j(z) = -15*z + 7. What is the units digit of j(k)?
2
Let w = -1304 - -1858. What is the units digit of (3 + 4/(-1))/(-2)*w?
7
Let v(l) = l + 7. Let g = 298 + -260. What is the tens digit of v(g)?
4
Suppose 25133 + 9537 = 5*m - 5*t, -5*t = -3*m + 20788. What is the hundreds digit of m?
9
Let f = -9758 + 18071. What is the hundreds digit of f?
3
Suppose 35*z - 6869 - 14